, what is 3 + -22?
-13
In base 6, what is 0 + -215?
-215
In base 8, what is -51 - 4?
-55
In base 2, what is 1101111 + 1010100?
11000011
In base 4, what is -3 - 10030?
-10033
In base 7, what is 12 - -63?
105
In base 13, what is 65 - -1?
66
In base 5, what is -3 - -1101?
1043
In base 2, what is -1000100001 - -1000001?
-111100000
In base 11, what is 36753 - 4?
3674a
In base 3, what is -200 - 21?
-221
In base 9, what is 1132 + 4?
1136
In base 14, what is -3 + 20?
1b
In base 14, what is 1 - 32?
-31
In base 15, what is -1e3 - -e?
-1d4
In base 7, what is -103 - 6?
-112
In base 12, what is -5 - -188?
183
In base 15, what is 2 - 88?
-86
In base 9, what is -274 - -3?
-271
In base 16, what is 1 + 1f5?
1f6
In base 6, what is 20 - -245?
305
In base 2, what is 11 + -1111011?
-1111000
In base 2, what is -101 + 100100011?
100011110
In base 4, what is -1030 + 2?
-1022
In base 2, what is -11001 - -11000?
-1
In base 9, what is 2 + -256?
-254
In base 13, what is -127 + 9?
-11b
In base 11, what is -7 - -2239?
2232
In base 8, what is 1 - 132?
-131
In base 11, what is -1756 - -2?
-1754
In base 5, what is 20 + 12?
32
In base 8, what is -152 - -4?
-146
In base 3, what is 11 + 1022100?
1022111
In base 5, what is -1300 - -20?
-1230
In base 5, what is 412 + 30?
442
In base 4, what is -2 + -1211321?
-1211323
In base 2, what is -110 + 110111100?
110110110
In base 2, what is -1000 + -100101?
-101101
In base 12, what is a5 + -12?
93
In base 11, what is 2 - a9?
-a7
In base 4, what is 23 - 121?
-32
In base 4, what is -1103 + 1102?
-1
In base 7, what is -103 + 5?
-65
In base 16, what is -1 + -e4?
-e5
In base 10, what is 1769 - 1?
1768
In base 12, what is 460 + -34?
428
In base 2, what is 11 - -10?
101
In base 16, what is 9 - 2f4?
-2eb
In base 2, what is 10 - -100010?
100100
In base 15, what is 0 - 269d?
-269d
In base 11, what is 39 + 5?
43
In base 12, what is 4 + 178a?
1792
In base 8, what is 4 - -321?
325
In base 15, what is 3 + 27?
2a
In base 3, what is 11 + -12211?
-12200
In base 11, what is -3 + 1?
-2
In base 5, what is -1 + 12203?
12202
In base 7, what is -26 - -2132?
2103
In base 9, what is 5 - 1525?
-1520
In base 14, what is -5 - -cb?
c6
In base 2, what is 1101 + 10111?
100100
In base 8, what is -3 + 60?
55
In base 15, what is 8c + 8?
95
In base 13, what is 2c + 27?
56
In base 12, what is 4 - -94?
98
In base 16, what is -2a7 - 6?
-2ad
In base 12, what is -5 + b?
6
In base 6, what is -430 - 2?
-432
In base 15, what is -19 + d?
-b
In base 10, what is -70 - -2?
-68
In base 15, what is 7213 - -5?
7218
In base 13, what is -2 - -b?
9
In base 16, what is 5 - -1c0?
1c5
In base 9, what is -36 + 300?
253
In base 12, what is 2 - 3222?
-3220
In base 15, what is -5 + -101b?
-1021
In base 13, what is -4a + 1b?
-2c
In base 6, what is 31 - 351?
-320
In base 6, what is 10 + -1101?
-1051
In base 6, what is 11 - 555?
-544
In base 7, what is -1 + -3346?
-3350
In base 11, what is 31 + 49?
7a
In base 11, what is -183a + 4?
-1836
In base 11, what is 1 - -1371?
1372
In base 12, what is -61 - 42?
-a3
In base 4, what is -210 - 10?
-220
In base 14, what is -d + 3?
-a
In base 15, what is -a + 20c?
202
In base 10, what is 0 + 424?
424
In base 15, what is 6 - 81?
-7a
In base 16, what is 79 - -4?
7d
In base 8, what is 32 - -2?
34
In base 3, what is -1 + -210?
-211
In base 9, what is 5 + 1347?
1353
In base 5, what is -40 + -2321?
-2411
In base 7, what is 221 - -3?
224
In base 2, what is 1100011 - 101110?
110101
In base 9, what is -3 + -5150?
-5153
In base 13, what is -258 - 3?
-25b
In base 16, what is -141 + -4?
-145
In base 7, what is -2031 - 1?
-2032
In base 9, what is -10 - -4218?
4208
In base 2, what is 1001001 - 0?
1001001
In base 13, what is 11 + 9?
1a
In base 11, what is 7724 - -4?
7728
In base 4, what is 3 + -213220?
-213211
In base 5, what is -3 - 114?
-122
In base 12, what is 673 - 3?
670
In base 15, what is -2 - -9b?
99
In base 5, what is -22 + 10120?
10043
In base 3, what is 2020200 + -12?
2020111
In base 10, what is -3 - -788?
785
In base 9, what is -13 - -2?
-11
In base 3, what is -2000120 + -1?
-2000121
In base 6, what is 150054 + 4?
150102
In base 8, what is 27 + 76?
125
In base 4, what is 2 - -30103?
30111
In base 16, what is -5 - -3ff?
3fa
In base 14, what is -8 - -42?
38
In base 4, what is -21123 + 1?
-21122
In base 16, what is a + -1e?
-14
In base 11, what is 77a3 - 4?
779a
In base 3, what is -2211 - 10?
-2221
In base 12, what is 2a + -30?
-2
In base 4, what is -3122 - -2?
-3120
In base 13, what is 5 - -56?
5b
In base 12, what is 130 - -1?
131
In base 3, what is 2 + -11211002?
-11211000
In base 13, what is 3bb + 2?
3c0
In base 13, what is 29 - -5?
31
In base 4, what is -2 - -202?
200
In base 2, what is 1010 + 1?
1011
In base 6, what is 214 - 5?
205
In base 7, what is -50 - 5?
-55
In base 4, what is -32333 + 3?
-32330
In base 4, what is 10310 - -11?
10321
In base 7, what is 1125 - 0?
1125
In base 4, what is -12210 + 0?
-12210
In base 15, what is -7 - -7d?
76
In base 11, what is 684 - 5?
67a
In base 5, what is -10 - -1121?
1111
In base 4, what is 12301 - 11?
12230
In base 15, what is -18 - -e?
-9
In base 3, what is 110110222 + 0?
110110222
In base 4, what is -210 - 0?
-210
In base 6, what is 2 - 411?
-405
In base 6, what is -1 + 30231?
30230
In base 4, what is -321231 + -10?
-321301
In base 6, what is -53 + 253?
200
In base 9, what is -3 + -168?
-172
In base 15, what is -2 + -55?
-57
In base 15, what is 36 + -83?
-4c
In base 16, what is -b2 - 1?
-b3
In base 3, what is -2102 + 12?
-2020
In base 9, what is 4 + -68?
-64
In base 7, what is 160 - 60?
100
In base 3, what is 1111011 - 10?
1111001
In base 5, what is -103 - 10?
-113
In base 5, what is 111344 - -2?
111401
In base 15, what is -5 - -19?
14
In base 13, what is 1 - -227?
228
In base 7, what is 565 + 3?
601
In base 10, what is -524 - 1?
-525
In base 6, what is -5 - 1410?
-1415
In base 6, what is -1101 - -4?
-1053
In base 14, what is -104 - 12?
-116
In base 12, what is 1a + 22?
40
In base 10, what is -1 + -897?
-898
In base 5, what is 1 + 1043?
1044
In base 3, what is -12 - 120120?
-120202
In base 5, what is 103 + 214?
322
In base 13, what is -5 + -42?
-47
In base 8, what is -37 + -26?
-65
In base 14, what is -6 - -137?
131
In base 13, what is 0 + -86?
-86
In base 4, what is -11 - -103330?
103313
In base 4, what is -112113233 - 1?
-112113300
In base 12, what is 4 - -2578?
2580
In base 8, what is 1417 - 12?
1405
In base 7, what is 26 - -1?
30
In base 5, what is 1410 - 2?
1403
In base 8, what is 7 + 216?
225
In base 6, what is 0 + -151?
-151
In base 10, what is 127 - -1?
128
In base 11, what is 0 + 1210?
1210
In base 15, what is 0 - -81?
81
In base 7, what is -2 + -106?
-111
In base 5, what is -14221 + 10?
-14211
In base 4, what is -32320 - 2?
-32322
In base 6, what is 1 - -113?
114
In base 6, what is -132 + -524?
-1100
In base 4, what is 103 - 11?
32
In base 2, what is -101011110 - -11011?
-101000011
In base 2, what is -11100100 - -11?
-11100001
In base 10, what is 111 - 4?
107
In base 9, what is -716 + -3?
-720
In base 4, what is 13023 - 2?
13021
In base 10, what is -3 - -1527?
1524
In base 6, what is 303 - -2?
305
In base 15, what is 1 + a4?
a5
In base 4, what is 2 - 11300?
-11232
In base 13, what is -292 - 0?
-292
In base 5, what is -2110 + 2?
-2103
In base 2, what is 1011110100100 - 11?
1011110100001
In base 6, what is 131 + -133?
-2
In base 15, what is -dd7 - -4?
-dd3
In base 15, what is 13a + -3?
137
In base 2, what is 11010001 - -1011?
11011100
In base 13, what is 6b1a + -2?
6b18
In base 2, what is 1110101 + 11100?
10010001
In base 11, what is -3 + -30?
-33
In base 8, what is 167 - -5?
174
In base 8, what is 2007 - 5?
2002
In base 15, what is 359 - 0?
359
In base 13, what is -3 - 2cc?
-302
In base 12, what is b56 + -5?
b51
In base 9, what is -3 - -320?
316
In base 16, what is 2 - -b9?
bb
In base 8, what is 5022 - -5?
5027
In base 5, what is -110 + 0?
-110
In base 3, what is -20002 + -1101?
-21110
In base 11, what is -2053 + 1?
-2052
In base 2, what is -11010 + 1?
-11001
In base 6, what is -1 + 0?
-1
In base 15, what is 367 - 3?
364
In base 7, what is 103 - 5?
65
In base 3, what is -1012022 + 0?
-1012022
In base 8, what is 122 + -13?
107
In base 11, what is -2827 - 5?
-2831
In base 9, what is -5 + 5182?
5176
In base 2, what